0*d - 218. Calculate w(-3).
-215
Let o(l) = l**3 - 593*l**2 + 2082*l + 1519836. Give o(585).
6
Let i(n) = 441*n - 8764. What is i(20)?
56
Let a(d) = -d**3 - 2*d**2 - 304*d + 4223. Calculate a(10).
-17
Let u(j) = -j**2 + 79*j - 1660. Calculate u(78).
-1582
Let x(j) = 4*j**2 - 2124*j + 56323. What is x(28)?
-13
Let v(a) = a**3 - 3*a**2 - 150*a - 428. Calculate v(-3).
-32
Let l(a) = 2878*a + 8615. Give l(-3).
-19
Let k(n) = -19*n**2 + 17618*n - 349199. Give k(907).
-4
Let h(s) = s**3 + 4*s**2 + 15*s - 283. Calculate h(-13).
-1999
Let y(i) = -i**3 - 297*i**2 + 8047*i + 43. Determine y(25).
-32
Let w(n) = n**3 + 127*n**2 + 2615*n - 1004. Calculate w(-101).
107
Let k(m) = m**3 - 70*m**2 - 505*m - 818. Determine k(-4).
18
Let j(r) = 923*r - 37977. Determine j(41).
-134
Let m(g) = 2*g**2 - 163*g + 2701. Calculate m(23).
10
Let b(l) = -9267*l + 3836520. Calculate b(414).
-18
Let v(k) = 1149*k + 83872. Calculate v(-73).
-5
Let f(o) = o**2 + 58363*o - 408592. Calculate f(7).
-2
Let l(j) = -41*j**3 - 983*j**2 + 16*j - 177. Give l(-24).
15
Let d(f) = 14*f**2 - 1866*f + 537. Give d(133).
5
Let k(a) = 2*a**2 + 2630*a + 694678. Determine k(-366).
10
Let g(i) = 1027*i - 44032. What is g(41)?
-1925
Let j(p) = 61274*p - 7. What is j(0)?
-7
Let j(o) = 278*o**2 - 794*o - 11. Give j(3).
109
Let r(u) = 3*u**2 - 20901*u - 167284. What is r(-8)?
116
Let t(v) = 4702*v + 14581. Determine t(-3).
475
Let i(b) = -3*b**2 + 17247*b - 3871533. Give i(234).
-3
Let k(o) = o**3 + 19*o**2 - 39*o - 51. What is k(-15)?
1434
Let b(m) = 6711*m - 80517. Determine b(12).
15
Let a(f) = -4270*f - 98182. Give a(-23).
28
Let d(o) = 1836*o**2 + 5496*o - 34. What is d(-3)?
2
Let b(c) = 11983*c - 35923. Calculate b(3).
26
Let z(t) = 1543*t + 35453. What is z(-23)?
-36
Let u(g) = -22079*g - 728627. What is u(-33)?
-20
Let w(k) = k**2 - 1506*k - 401234. Give w(-231).
13
Let p(v) = -14*v - 526. Determine p(-68).
426
Let b(v) = v**3 + 82*v**2 - 79*v - 494. What is b(-83)?
-826
Let m(y) = -4*y**3 - 4*y**2 + 18*y + 67. Determine m(-3).
85
Let u(q) = -62*q**2 - 3095*q - 37. Calculate u(-50).
-287
Let w(o) = 44*o**2 + 12*o + 69. Determine w(-3).
429
Let r(c) = -116*c + 14870. Calculate r(129).
-94
Let q(w) = 349*w**2 - 1658*w - 1660. Determine q(-1).
347
Let j(k) = -132*k**2 + 292*k - 591. Calculate j(2).
-535
Let l(n) = 4*n**2 - 1260*n + 66480. Calculate l(248).
16
Let r(k) = -k**3 + 36*k**2 + 92*k - 891. Give r(38).
-283
Let n(y) = -515*y + 19219. Determine n(37).
164
Let u(q) = 8*q**3 + 153*q**2 + 21*q - 353. Determine u(-19).
-391
Let r(p) = 15*p**3 + 2011*p**2 + 130*p - 692. What is r(-134)?
-156
Let l(m) = -1299*m - 261131. What is l(-201)?
-32
Let q(h) = 47*h**2 - 461*h - 900. Determine q(11).
-284
Let z(o) = 4335*o + 60696. Calculate z(-14).
6
Let y(v) = 81*v + 5763. Calculate y(-105).
-2742
Let d(n) = 383*n**3 - 2*n**2 - 32*n - 31. What is d(-1)?
-384
Let i(t) = 2*t**2 + 14345*t - 71691. Calculate i(5).
84
Let b(j) = 402*j**3 + 6*j**2 - 130*j - 134. Give b(-1).
-400
Let q(t) = -137873*t - 1240889. Give q(-9).
-32
Let w(y) = 2121*y + 14944. Calculate w(-7).
97
Let k(t) = 3*t**2 - 114*t + 228. Give k(36).
12
Let v(y) = -2071*y - 72338. Calculate v(-35).
147
Let a(u) = u**3 + 35*u**2 + 54*u + 774. What is a(-34)?
94
Let p(u) = 2*u**3 + 1200*u**2 + 2401*u + 5380. Determine p(-598).
-2
Let z(u) = 4*u**2 + 73*u - 1697. Calculate z(14).
109
Let z(c) = c**3 + 14*c**2 + 7*c + 248. What is z(-10)?
578
Let g(z) = -6*z**2 + 203*z + 1355. Calculate g(39).
146
Let p(f) = 22*f**2 + 200*f - 65. Give p(-9).
-83
Let z(p) = 10*p**2 - 1363*p - 365. Determine z(136).
-773
Let t(f) = -7*f**3 + 31*f**2 + 25*f + 114. Calculate t(6).
-132
Let s(o) = -37*o**3 + 14*o**2 + 132*o - 503. Determine s(4).
-2119
Let u(s) = s**3 + 9*s**2 - 63*s - 70. Determine u(-13).
73
Let a(m) = 123*m**3 + 15867*m**2 - m - 107. What is a(-129)?
22
Let y(n) = 25*n**3 + 2348*n**2 - 177*n + 368. Determine y(-94).
-666
Let d(v) = -436828*v - 2184136. Calculate d(-5).
4
Let z(n) = -71*n + 9820. Calculate z(131).
519
Let t(y) = -4*y**2 + 211*y - 2272. What is t(16)?
80
Let d(c) = -c**2 - 19518*c - 77983. Calculate d(-4).
73
Let c(x) = -755*x + 3847. What is c(4)?
827
Let c(b) = 19351*b + 19226. Determine c(-1).
-125
Let k(i) = 644*i - 18190. Determine k(28).
-158
Let h(s) = -4*s**2 - 643*s + 2783. Determine h(-165).
-22
Let h(f) = -3*f**2 - 588*f - 2872. Determine h(-191).
-7
Let u(z) = 2*z**3 - 46*z**2 + 148*z + 115. What is u(19)?
39
Let n(u) = 7*u**2 + 206*u - 5174. What is n(-47)?
607
Let d(c) = 2*c**3 + 114*c**2 - 48*c - 6049. Calculate d(-57).
-3313
Let t(k) = k**3 + 77*k**2 - 756*k + 122. Give t(-86).
-1426
Let o(h) = 395*h**2 + 4683*h - 678. Calculate o(-12).
6
Let j(k) = k**3 - 34*k**2 - 922*k + 31259. Calculate j(30).
-1
Let z(i) = i**3 + 32*i**2 - 932*i - 26151. Determine z(-23).
46
Let p(v) = -3*v**2 - 1169*v + 8342. Give p(7).
12
Let b(w) = -w**3 + 12*w**2 + 2874*w + 400. Give b(60).
40
Let u(y) = 198*y**3 - 187*y**2 + 167*y + 20. Give u(1).
198
Let a(g) = 2165*g + 53. What is a(0)?
53
Let b(n) = -42*n**2 - 261*n - 1023. Calculate b(-4).
-651
Let d(p) = -12834*p**2 + 141172*p + 24. Give d(11).
2
Let z(f) = -100098*f - 3403352. Calculate z(-34).
-20
Let z(t) = t**3 - 20*t**2 - 63*t - 526. Determine z(0).
-526
Let m(t) = -3025*t**2 + 27227*t - 15. Calculate m(9).
3
Let r(c) = -2*c**2 - 156*c + 38476. Determine r(-183).
46
Let n(m) = 18*m**2 - 184*m - 992. What is n(-4)?
32
Let h(o) = 69*o**2 - 3022*o - 169. Give h(44).
447
Let q(s) = -5*s**3 - 15*s**2 - 3*s + 777. Give q(0).
777
Let v(s) = s**2 + 678*s - 56513. What is v(75)?
-38
Let x(t) = -t**3 - 137*t**2 - 3715*t - 563. Calculate x(-37).
-8
Let l(q) = 861*q + 13855. Give l(-16).
79
Let c(z) = -11025*z - 1091478. Determine c(-99).
-3
Let s(d) = 3*d**3 - 320*d**2 - 109*d - 25. What is s(107)?
-239
Let r(p) = 2*p**2 - 4713*p + 56250. Calculate r(12).
-18
Let a(l) = 2401*l - 16792. Determine a(7).
15
Let f(b) = 2*b**2 + 2066*b - 16661. Give f(8).
-5
Let p(y) = 1778*y + 728990. What is p(-410)?
10
Let b(y) = -73818*y - 738176. Give b(-10).
4
Let m(i) = -4100*i + 1074201. Give m(262).
1
Let n(c) = 24*c**2 + 1096*c + 1754. Determine n(-44).
-6
Let l(m) = -871*m + 86153. Calculate l(99).
-76
Let r(q) = 6*q**3 - q**2 - 1656*q + 3306. Calculate r(2).
38
Let n(l) = -568015*l - 3976112. Give n(-7).
-7
Let m(p) = -p**3 - 66*p**2 + 2144*p - 1419. What is m(-90)?
21
Let a(l) = -31*l**2 + 1152*l + 988. Calculate a(38).
0
Let m(c) = 14*c**2 + 744*c - 133. Calculate m(-54).
515
Let v(j) = 2*j**3 + 48*j**2 + 185*j - 770. What is v(-13)?
543
Let l(p) = p**3 - 146*p**2 - 255*p - 6074. What is l(148)?
-6
Let n(w) = w**3 + 103*w**2 + 674*w + 328. Give n(-96).
136
Let p(l) = l**3 - 7*l**2 - 2*l + 66. Determine p(15).
1836
Let h(v) = -4*v**3 - 195*v**2 + 33*v - 184. What is h(-49)?
600
Let s(k) = 791*k**2 + 5493*k + 52. What is s(-7)?
360
Let h(p) = p**3 + 1088*p**2 - 419778*p - 600. What is h(302)?
4
Let m(j) = -j**3 - 185*j**2 - 11033*j - 2086728. Calculate m(-186).
6
Let k(v) = -v**2 + 129*v + 83175. Give k(-231).
15
Let r(u) = 7*u**3 - 110*u**2 + 245*u + 25. What is r(13)?
-1
Let l(d) = 2351*d - 157397. Determine l(67).
120
Let x(z) = z**3 - 241*z**2 + 3383*z - 1862. Determine x(226).
-3444
Let r(z) = 24*z**3 + 1875*z**2 + 236*z + 152. Give r(-78).
-4
Let q(i) = -14934*i + 433080. Calculate q(29).
-6
Let n(g) = 91882*g + 1286338. Give n(-14).
-10
Let s(f) = -49*f**2 - 8844*f + 148946. Give s(-196).
-14
Let i(r) = -11*r**2 - 207*r + 63529. Determine i(-86).
-25
Let b(r) = 4*r**3 - 16*r**2 + 37*r - 130. Give b(4).
18
Let g(y) = -2*y**3 + 16*y**2 + 3491*y - 20945. Give g(6).
145
Let p(b) = -2*b**3 + 10*b**2 - 18*b - 2. What is p(3)?
-20
Let g(b) = -16027*b - 15644. Calculate g(-1).
383
Let b(d) = 2*d**3 + 9*d**2 - 48*d + 63. Determine b(3).
54
Let p(k) = 22517*k + 833126. Calculate p(-37).
-3
Let r(n) = -3308*n + 244800. Calculate r(74).
8
Let p(r) = r**3 - 24*r**2 - 42*r + 120. Determine p(24).
-888
Let u(v) = -3*v**2 + 45*v + 1835. Calculate u(31).
347
Let q(z) = 4*z**3 - 49*z**2 - 10*z - 39. Give q(11).
-754
Let g(x) = -2*x**2 + 51*x + 792. Give g(34).
214
Let t(f) = -122101*f + 1465183. Calculate t(12).
-29
Let x(a) = 1151*a - 238266. What is x(207)?
-9
Let b(m) = -29707*m - 326852. Determine b(